{"id":906,"date":"2024-03-13T09:39:55","date_gmt":"2024-03-13T09:39:55","guid":{"rendered":"https:\/\/www.zozobaits.pl\/?page_id=906"},"modified":"2024-03-13T10:08:53","modified_gmt":"2024-03-13T10:08:53","slug":"gdzie-kupic","status":"publish","type":"page","link":"https:\/\/www.zozobaits.pl\/index.php\/gdzie-kupic\/","title":{"rendered":"GDZIE KUPI\u0106 ?"},"content":{"rendered":"\t\t<div data-elementor-type=\"wp-page\" data-elementor-id=\"906\" class=\"elementor elementor-906\" data-elementor-post-type=\"page\">\n\t\t\t\t\t\t<section class=\"elementor-section elementor-top-section elementor-element elementor-element-cef728a elementor-section-height-min-height elementor-section-boxed elementor-section-height-default elementor-section-items-middle\" data-id=\"cef728a\" data-element_type=\"section\" data-e-type=\"section\" data-settings=\"{&quot;background_background&quot;:&quot;classic&quot;}\">\n\t\t\t\t\t\t<div class=\"elementor-container elementor-column-gap-default\">\n\t\t\t\t\t<div class=\"elementor-column elementor-col-100 elementor-top-column elementor-element elementor-element-f47baa7\" data-id=\"f47baa7\" data-element_type=\"column\" data-e-type=\"column\">\n\t\t\t<div class=\"elementor-widget-wrap elementor-element-populated\">\n\t\t\t\t\t\t<div class=\"elementor-element elementor-element-9a48282 elementor-widget elementor-widget-heading\" data-id=\"9a48282\" data-element_type=\"widget\" data-e-type=\"widget\" data-widget_type=\"heading.default\">\n\t\t\t\t<div class=\"elementor-widget-container\">\n\t\t\t\t\t<h1 class=\"elementor-heading-title elementor-size-default\">TU KUPISZ PRZYN\u0118TY<br>ZOZOBaits<\/h1>\t\t\t\t<\/div>\n\t\t\t\t<\/div>\n\t\t\t\t\t<\/div>\n\t\t<\/div>\n\t\t\t\t\t<\/div>\n\t\t<\/section>\n\t\t\t\t<section class=\"elementor-section elementor-top-section elementor-element elementor-element-7ff27ae elementor-section-height-min-height elementor-section-boxed elementor-section-height-default elementor-section-items-middle\" data-id=\"7ff27ae\" data-element_type=\"section\" data-e-type=\"section\" data-settings=\"{&quot;background_background&quot;:&quot;classic&quot;}\">\n\t\t\t\t\t\t<div class=\"elementor-container elementor-column-gap-default\">\n\t\t\t\t\t<div class=\"elementor-column elementor-col-50 elementor-top-column elementor-element elementor-element-b9db124\" data-id=\"b9db124\" data-element_type=\"column\" data-e-type=\"column\">\n\t\t\t<div class=\"elementor-widget-wrap elementor-element-populated\">\n\t\t\t\t\t\t<div class=\"elementor-element elementor-element-5948b21 elementor-widget elementor-widget-spacer\" data-id=\"5948b21\" data-element_type=\"widget\" data-e-type=\"widget\" data-widget_type=\"spacer.default\">\n\t\t\t\t<div class=\"elementor-widget-container\">\n\t\t\t\t\t\t\t<div class=\"elementor-spacer\">\n\t\t\t<div class=\"elementor-spacer-inner\"><\/div>\n\t\t<\/div>\n\t\t\t\t\t\t<\/div>\n\t\t\t\t<\/div>\n\t\t\t\t<div class=\"elementor-element elementor-element-34ae390 elementor-widget elementor-widget-image\" data-id=\"34ae390\" data-element_type=\"widget\" data-e-type=\"widget\" data-widget_type=\"image.default\">\n\t\t\t\t<div class=\"elementor-widget-container\">\n\t\t\t\t\t\t\t\t\t\t\t\t<figure class=\"wp-caption\">\n\t\t\t\t\t\t\t\t\t\t\t<a href=\"https:\/\/m.facebook.com\/p\/Salon-W%C4%99dkarski-Sp%C5%82awik-100054588242796\/\">\n\t\t\t\t\t\t\t<img fetchpriority=\"high\" decoding=\"async\" width=\"787\" height=\"443\" src=\"https:\/\/www.zozobaits.pl\/wp-content\/uploads\/2024\/03\/splawik-3.jpg\" class=\"attachment-large size-large wp-image-909\" alt=\"\" srcset=\"https:\/\/www.zozobaits.pl\/wp-content\/uploads\/2024\/03\/splawik-3.jpg 787w, https:\/\/www.zozobaits.pl\/wp-content\/uploads\/2024\/03\/splawik-3-300x169.jpg 300w, https:\/\/www.zozobaits.pl\/wp-content\/uploads\/2024\/03\/splawik-3-768x432.jpg 768w\" sizes=\"(max-width: 787px) 100vw, 787px\" \/>\t\t\t\t\t\t\t\t<\/a>\n\t\t\t\t\t\t\t\t\t\t\t<figcaption class=\"widget-image-caption wp-caption-text\">Salon W\u0119dkarski Sp\u0142awik Lublin<\/figcaption>\n\t\t\t\t\t\t\t\t\t\t<\/figure>\n\t\t\t\t\t\t\t\t\t<\/div>\n\t\t\t\t<\/div>\n\t\t\t\t\t<\/div>\n\t\t<\/div>\n\t\t\t\t<div class=\"elementor-column elementor-col-50 elementor-top-column elementor-element elementor-element-8fd385c\" data-id=\"8fd385c\" data-element_type=\"column\" data-e-type=\"column\">\n\t\t\t<div class=\"elementor-widget-wrap\">\n\t\t\t\t\t\t\t<\/div>\n\t\t<\/div>\n\t\t\t\t\t<\/div>\n\t\t<\/section>\n\t\t\t\t<section class=\"elementor-section elementor-top-section elementor-element elementor-element-56cc9da elementor-section-content-middle elementor-section-boxed elementor-section-height-default elementor-section-height-default\" data-id=\"56cc9da\" data-element_type=\"section\" data-e-type=\"section\" data-settings=\"{&quot;background_background&quot;:&quot;classic&quot;}\">\n\t\t\t\t\t\t<div class=\"elementor-container elementor-column-gap-default\">\n\t\t\t\t\t<div class=\"elementor-column elementor-col-100 elementor-top-column elementor-element elementor-element-293d00d\" data-id=\"293d00d\" data-element_type=\"column\" data-e-type=\"column\">\n\t\t\t<div class=\"elementor-widget-wrap elementor-element-populated\">\n\t\t\t\t\t\t<div class=\"elementor-element elementor-element-dcb60eb elementor-widget__width-initial elementor-widget elementor-widget-image\" data-id=\"dcb60eb\" data-element_type=\"widget\" data-e-type=\"widget\" data-widget_type=\"image.default\">\n\t\t\t\t<div class=\"elementor-widget-container\">\n\t\t\t\t\t\t\t\t\t\t\t\t\t\t\t<img decoding=\"async\" width=\"300\" height=\"243\" src=\"https:\/\/www.zozobaits.pl\/wp-content\/uploads\/2023\/05\/Bez-nazwy.webp\" class=\"attachment-large size-large wp-image-17\" alt=\"\" \/>\t\t\t\t\t\t\t\t\t\t\t\t\t\t\t<\/div>\n\t\t\t\t<\/div>\n\t\t\t\t\t<\/div>\n\t\t<\/div>\n\t\t\t\t\t<\/div>\n\t\t<\/section>\n\t\t\t\t<\/div>\n\t\t","protected":false},"excerpt":{"rendered":"<p>TU KUPISZ PRZYN\u0118TYZOZOBaits Salon W\u0119dkarski Sp\u0142awik Lublin<\/p>\n","protected":false},"author":1,"featured_media":0,"parent":0,"menu_order":0,"comment_status":"closed","ping_status":"closed","template":"","meta":{"site-sidebar-layout":"no-sidebar","site-content-layout":"page-builder","ast-site-content-layout":"full-width-container","site-content-style":"default","site-sidebar-style":"default","ast-global-header-display":"","ast-banner-title-visibility":"","ast-main-header-display":"","ast-hfb-above-header-display":"","ast-hfb-below-header-display":"","ast-hfb-mobile-header-display":"","site-post-title":"disabled","ast-breadcrumbs-content":"","ast-featured-img":"disabled","footer-sml-layout":"","ast-disable-related-posts":"","theme-transparent-header-meta":"","adv-header-id-meta":"","stick-header-meta":"","header-above-stick-meta":"","header-main-stick-meta":"","header-below-stick-meta":"","astra-migrate-meta-layouts":"set","ast-page-background-enabled":"default","ast-page-background-meta":{"desktop":{"background-color":"var(--ast-global-color-4)","background-image":"","background-repeat":"repeat","background-position":"center center","background-size":"auto","background-attachment":"scroll","background-type":"","background-media":"","overlay-type":"","overlay-color":"","overlay-opacity":"","overlay-gradient":""},"tablet":{"background-color":"","background-image":"","background-repeat":"repeat","background-position":"center center","background-size":"auto","background-attachment":"scroll","background-type":"","background-media":"","overlay-type":"","overlay-color":"","overlay-opacity":"","overlay-gradient":""},"mobile":{"background-color":"","background-image":"","background-repeat":"repeat","background-position":"center center","background-size":"auto","background-attachment":"scroll","background-type":"","background-media":"","overlay-type":"","overlay-color":"","overlay-opacity":"","overlay-gradient":""}},"ast-content-background-meta":{"desktop":{"background-color":"var(--ast-global-color-5)","background-image":"","background-repeat":"repeat","background-position":"center center","background-size":"auto","background-attachment":"scroll","background-type":"","background-media":"","overlay-type":"","overlay-color":"","overlay-opacity":"","overlay-gradient":""},"tablet":{"background-color":"var(--ast-global-color-5)","background-image":"","background-repeat":"repeat","background-position":"center center","background-size":"auto","background-attachment":"scroll","background-type":"","background-media":"","overlay-type":"","overlay-color":"","overlay-opacity":"","overlay-gradient":""},"mobile":{"background-color":"var(--ast-global-color-5)","background-image":"","background-repeat":"repeat","background-position":"center center","background-size":"auto","background-attachment":"scroll","background-type":"","background-media":"","overlay-type":"","overlay-color":"","overlay-opacity":"","overlay-gradient":""}},"footnotes":""},"class_list":["post-906","page","type-page","status-publish","hentry"],"yoast_head":"<!-- This site is optimized with the Yoast SEO plugin v27.4 - https:\/\/yoast.com\/product\/yoast-seo-wordpress\/ -->\n<title>GDZIE KUPI\u0106 ? - ZOZOBaits<\/title>\n<meta name=\"description\" content=\"ZOZOBait to przyn\u0119ty stworzone dla wszystkich \u0142owc\u00f3w pstr\u0105g\u00f3w t\u0119czowych, potokowych, kleni, jazi, okoni oraz bia\u0142orybu.\" \/>\n<meta name=\"robots\" content=\"index, follow, max-snippet:-1, max-image-preview:large, max-video-preview:-1\" \/>\n<link rel=\"canonical\" href=\"https:\/\/www.zozobaits.pl\/index.php\/gdzie-kupic\/\" \/>\n<meta property=\"og:locale\" content=\"pl_PL\" \/>\n<meta property=\"og:type\" content=\"article\" \/>\n<meta property=\"og:title\" content=\"GDZIE KUPI\u0106 ? - ZOZOBaits\" \/>\n<meta property=\"og:description\" content=\"ZOZOBait to przyn\u0119ty stworzone dla wszystkich \u0142owc\u00f3w pstr\u0105g\u00f3w t\u0119czowych, potokowych, kleni, jazi, okoni oraz bia\u0142orybu.\" \/>\n<meta property=\"og:url\" content=\"https:\/\/www.zozobaits.pl\/index.php\/gdzie-kupic\/\" \/>\n<meta property=\"og:site_name\" content=\"ZOZOBaits\" \/>\n<meta property=\"article:publisher\" content=\"https:\/\/www.facebook.com\/hmglures\/\" \/>\n<meta property=\"article:modified_time\" content=\"2024-03-13T10:08:53+00:00\" \/>\n<meta property=\"og:image\" content=\"https:\/\/www.zozobaits.pl\/wp-content\/uploads\/2024\/03\/splawik-3.jpg\" \/>\n<meta name=\"twitter:card\" content=\"summary_large_image\" \/>\n<meta name=\"twitter:label1\" content=\"Szacowany czas czytania\" \/>\n\t<meta name=\"twitter:data1\" content=\"1 minuta\" \/>\n<script type=\"application\/ld+json\" class=\"yoast-schema-graph\">{\"@context\":\"https:\\\/\\\/schema.org\",\"@graph\":[{\"@type\":\"WebPage\",\"@id\":\"https:\\\/\\\/www.zozobaits.pl\\\/index.php\\\/gdzie-kupic\\\/\",\"url\":\"https:\\\/\\\/www.zozobaits.pl\\\/index.php\\\/gdzie-kupic\\\/\",\"name\":\"GDZIE KUPI\u0106 ? - ZOZOBaits\",\"isPartOf\":{\"@id\":\"https:\\\/\\\/www.zozobaits.pl\\\/#website\"},\"primaryImageOfPage\":{\"@id\":\"https:\\\/\\\/www.zozobaits.pl\\\/index.php\\\/gdzie-kupic\\\/#primaryimage\"},\"image\":{\"@id\":\"https:\\\/\\\/www.zozobaits.pl\\\/index.php\\\/gdzie-kupic\\\/#primaryimage\"},\"thumbnailUrl\":\"https:\\\/\\\/www.zozobaits.pl\\\/wp-content\\\/uploads\\\/2024\\\/03\\\/splawik-3.jpg\",\"datePublished\":\"2024-03-13T09:39:55+00:00\",\"dateModified\":\"2024-03-13T10:08:53+00:00\",\"description\":\"ZOZOBait to przyn\u0119ty stworzone dla wszystkich \u0142owc\u00f3w pstr\u0105g\u00f3w t\u0119czowych, potokowych, kleni, jazi, okoni oraz bia\u0142orybu.\",\"breadcrumb\":{\"@id\":\"https:\\\/\\\/www.zozobaits.pl\\\/index.php\\\/gdzie-kupic\\\/#breadcrumb\"},\"inLanguage\":\"pl-PL\",\"potentialAction\":[{\"@type\":\"ReadAction\",\"target\":[\"https:\\\/\\\/www.zozobaits.pl\\\/index.php\\\/gdzie-kupic\\\/\"]}]},{\"@type\":\"ImageObject\",\"inLanguage\":\"pl-PL\",\"@id\":\"https:\\\/\\\/www.zozobaits.pl\\\/index.php\\\/gdzie-kupic\\\/#primaryimage\",\"url\":\"https:\\\/\\\/www.zozobaits.pl\\\/wp-content\\\/uploads\\\/2024\\\/03\\\/splawik-3.jpg\",\"contentUrl\":\"https:\\\/\\\/www.zozobaits.pl\\\/wp-content\\\/uploads\\\/2024\\\/03\\\/splawik-3.jpg\",\"width\":787,\"height\":443},{\"@type\":\"BreadcrumbList\",\"@id\":\"https:\\\/\\\/www.zozobaits.pl\\\/index.php\\\/gdzie-kupic\\\/#breadcrumb\",\"itemListElement\":[{\"@type\":\"ListItem\",\"position\":1,\"name\":\"Strona g\u0142\u00f3wna\",\"item\":\"https:\\\/\\\/www.zozobaits.pl\\\/\"},{\"@type\":\"ListItem\",\"position\":2,\"name\":\"o-nas\"}]},{\"@type\":\"WebSite\",\"@id\":\"https:\\\/\\\/www.zozobaits.pl\\\/#website\",\"url\":\"https:\\\/\\\/www.zozobaits.pl\\\/\",\"name\":\"ZOZOBaits\",\"description\":\"\",\"publisher\":{\"@id\":\"https:\\\/\\\/www.zozobaits.pl\\\/#organization\"},\"potentialAction\":[{\"@type\":\"SearchAction\",\"target\":{\"@type\":\"EntryPoint\",\"urlTemplate\":\"https:\\\/\\\/www.zozobaits.pl\\\/?s={search_term_string}\"},\"query-input\":{\"@type\":\"PropertyValueSpecification\",\"valueRequired\":true,\"valueName\":\"search_term_string\"}}],\"inLanguage\":\"pl-PL\"},{\"@type\":\"Organization\",\"@id\":\"https:\\\/\\\/www.zozobaits.pl\\\/#organization\",\"name\":\"ZOZOBaits\",\"url\":\"https:\\\/\\\/www.zozobaits.pl\\\/\",\"logo\":{\"@type\":\"ImageObject\",\"inLanguage\":\"pl-PL\",\"@id\":\"https:\\\/\\\/www.zozobaits.pl\\\/#\\\/schema\\\/logo\\\/image\\\/\",\"url\":\"https:\\\/\\\/www.zozobaits.pl\\\/wp-content\\\/uploads\\\/2023\\\/05\\\/Bez-nazwy.webp\",\"contentUrl\":\"https:\\\/\\\/www.zozobaits.pl\\\/wp-content\\\/uploads\\\/2023\\\/05\\\/Bez-nazwy.webp\",\"width\":300,\"height\":243,\"caption\":\"ZOZOBaits\"},\"image\":{\"@id\":\"https:\\\/\\\/www.zozobaits.pl\\\/#\\\/schema\\\/logo\\\/image\\\/\"},\"sameAs\":[\"https:\\\/\\\/www.facebook.com\\\/hmglures\\\/\",\"https:\\\/\\\/www.tiktok.com\\\/@hmglures_zozobaits\",\"https:\\\/\\\/www.instagram.com\\\/hmglures_zozobaits\\\/\"]}]}<\/script>\n<!-- \/ Yoast SEO plugin. -->","yoast_head_json":{"title":"GDZIE KUPI\u0106 ? - ZOZOBaits","description":"ZOZOBait to przyn\u0119ty stworzone dla wszystkich \u0142owc\u00f3w pstr\u0105g\u00f3w t\u0119czowych, potokowych, kleni, jazi, okoni oraz bia\u0142orybu.","robots":{"index":"index","follow":"follow","max-snippet":"max-snippet:-1","max-image-preview":"max-image-preview:large","max-video-preview":"max-video-preview:-1"},"canonical":"https:\/\/www.zozobaits.pl\/index.php\/gdzie-kupic\/","og_locale":"pl_PL","og_type":"article","og_title":"GDZIE KUPI\u0106 ? - ZOZOBaits","og_description":"ZOZOBait to przyn\u0119ty stworzone dla wszystkich \u0142owc\u00f3w pstr\u0105g\u00f3w t\u0119czowych, potokowych, kleni, jazi, okoni oraz bia\u0142orybu.","og_url":"https:\/\/www.zozobaits.pl\/index.php\/gdzie-kupic\/","og_site_name":"ZOZOBaits","article_publisher":"https:\/\/www.facebook.com\/hmglures\/","article_modified_time":"2024-03-13T10:08:53+00:00","og_image":[{"url":"https:\/\/www.zozobaits.pl\/wp-content\/uploads\/2024\/03\/splawik-3.jpg","type":"","width":"","height":""}],"twitter_card":"summary_large_image","twitter_misc":{"Szacowany czas czytania":"1 minuta"},"schema":{"@context":"https:\/\/schema.org","@graph":[{"@type":"WebPage","@id":"https:\/\/www.zozobaits.pl\/index.php\/gdzie-kupic\/","url":"https:\/\/www.zozobaits.pl\/index.php\/gdzie-kupic\/","name":"GDZIE KUPI\u0106 ? - ZOZOBaits","isPartOf":{"@id":"https:\/\/www.zozobaits.pl\/#website"},"primaryImageOfPage":{"@id":"https:\/\/www.zozobaits.pl\/index.php\/gdzie-kupic\/#primaryimage"},"image":{"@id":"https:\/\/www.zozobaits.pl\/index.php\/gdzie-kupic\/#primaryimage"},"thumbnailUrl":"https:\/\/www.zozobaits.pl\/wp-content\/uploads\/2024\/03\/splawik-3.jpg","datePublished":"2024-03-13T09:39:55+00:00","dateModified":"2024-03-13T10:08:53+00:00","description":"ZOZOBait to przyn\u0119ty stworzone dla wszystkich \u0142owc\u00f3w pstr\u0105g\u00f3w t\u0119czowych, potokowych, kleni, jazi, okoni oraz bia\u0142orybu.","breadcrumb":{"@id":"https:\/\/www.zozobaits.pl\/index.php\/gdzie-kupic\/#breadcrumb"},"inLanguage":"pl-PL","potentialAction":[{"@type":"ReadAction","target":["https:\/\/www.zozobaits.pl\/index.php\/gdzie-kupic\/"]}]},{"@type":"ImageObject","inLanguage":"pl-PL","@id":"https:\/\/www.zozobaits.pl\/index.php\/gdzie-kupic\/#primaryimage","url":"https:\/\/www.zozobaits.pl\/wp-content\/uploads\/2024\/03\/splawik-3.jpg","contentUrl":"https:\/\/www.zozobaits.pl\/wp-content\/uploads\/2024\/03\/splawik-3.jpg","width":787,"height":443},{"@type":"BreadcrumbList","@id":"https:\/\/www.zozobaits.pl\/index.php\/gdzie-kupic\/#breadcrumb","itemListElement":[{"@type":"ListItem","position":1,"name":"Strona g\u0142\u00f3wna","item":"https:\/\/www.zozobaits.pl\/"},{"@type":"ListItem","position":2,"name":"o-nas"}]},{"@type":"WebSite","@id":"https:\/\/www.zozobaits.pl\/#website","url":"https:\/\/www.zozobaits.pl\/","name":"ZOZOBaits","description":"","publisher":{"@id":"https:\/\/www.zozobaits.pl\/#organization"},"potentialAction":[{"@type":"SearchAction","target":{"@type":"EntryPoint","urlTemplate":"https:\/\/www.zozobaits.pl\/?s={search_term_string}"},"query-input":{"@type":"PropertyValueSpecification","valueRequired":true,"valueName":"search_term_string"}}],"inLanguage":"pl-PL"},{"@type":"Organization","@id":"https:\/\/www.zozobaits.pl\/#organization","name":"ZOZOBaits","url":"https:\/\/www.zozobaits.pl\/","logo":{"@type":"ImageObject","inLanguage":"pl-PL","@id":"https:\/\/www.zozobaits.pl\/#\/schema\/logo\/image\/","url":"https:\/\/www.zozobaits.pl\/wp-content\/uploads\/2023\/05\/Bez-nazwy.webp","contentUrl":"https:\/\/www.zozobaits.pl\/wp-content\/uploads\/2023\/05\/Bez-nazwy.webp","width":300,"height":243,"caption":"ZOZOBaits"},"image":{"@id":"https:\/\/www.zozobaits.pl\/#\/schema\/logo\/image\/"},"sameAs":["https:\/\/www.facebook.com\/hmglures\/","https:\/\/www.tiktok.com\/@hmglures_zozobaits","https:\/\/www.instagram.com\/hmglures_zozobaits\/"]}]}},"_links":{"self":[{"href":"https:\/\/www.zozobaits.pl\/index.php\/wp-json\/wp\/v2\/pages\/906","targetHints":{"allow":["GET"]}}],"collection":[{"href":"https:\/\/www.zozobaits.pl\/index.php\/wp-json\/wp\/v2\/pages"}],"about":[{"href":"https:\/\/www.zozobaits.pl\/index.php\/wp-json\/wp\/v2\/types\/page"}],"author":[{"embeddable":true,"href":"https:\/\/www.zozobaits.pl\/index.php\/wp-json\/wp\/v2\/users\/1"}],"replies":[{"embeddable":true,"href":"https:\/\/www.zozobaits.pl\/index.php\/wp-json\/wp\/v2\/comments?post=906"}],"version-history":[{"count":4,"href":"https:\/\/www.zozobaits.pl\/index.php\/wp-json\/wp\/v2\/pages\/906\/revisions"}],"predecessor-version":[{"id":912,"href":"https:\/\/www.zozobaits.pl\/index.php\/wp-json\/wp\/v2\/pages\/906\/revisions\/912"}],"wp:attachment":[{"href":"https:\/\/www.zozobaits.pl\/index.php\/wp-json\/wp\/v2\/media?parent=906"}],"curies":[{"name":"wp","href":"https:\/\/api.w.org\/{rel}","templated":true}]}}